{"id":218,"date":"2023-06-14T13:38:43","date_gmt":"2023-06-14T13:38:43","guid":{"rendered":"https:\/\/theplayerspadelagency.com\/prueba\/?page_id=218"},"modified":"2023-06-14T13:39:56","modified_gmt":"2023-06-14T13:39:56","slug":"octavio-alvarez","status":"publish","type":"page","link":"https:\/\/theplayerspadelagency.com\/prueba\/octavio-alvarez\/","title":{"rendered":"Octavio \u00c1lvarez"},"content":{"rendered":"<p>[et_pb_section fb_built=\u00bb1&#8243; _builder_version=\u00bb4.7.3&#8243; _module_preset=\u00bbdefault\u00bb background_color=\u00bb#000000&#8243; locked=\u00bboff\u00bb][et_pb_row _builder_version=\u00bb4.7.3&#8243; _module_preset=\u00bbdefault\u00bb][et_pb_column type=\u00bb4_4&#8243; _builder_version=\u00bb4.7.3&#8243; _module_preset=\u00bbdefault\u00bb][et_pb_text _builder_version=\u00bb4.7.3&#8243; _module_preset=\u00bbdefault\u00bb text_font=\u00bbUntitled Medium||||||||\u00bb text_text_color=\u00bb#FFFFFF\u00bb text_font_size=\u00bb70px\u00bb text_orientation=\u00bbcenter\u00bb hover_enabled=\u00bb0&#8243; sticky_enabled=\u00bb0&#8243;]<\/p>\n<p>Octavio \u00c1lvarez<\/p>\n<p>[\/et_pb_text][et_pb_button button_url=\u00bbhttps:\/\/theplayerspadelagency.com\/prueba\/the-players\/\u00bb button_text=\u00bbVolver\u00bb button_alignment=\u00bbcenter\u00bb _builder_version=\u00bb4.7.3&#8243; _module_preset=\u00bbdefault\u00bb custom_button=\u00bbon\u00bb button_text_size=\u00bb20px\u00bb button_text_color=\u00bb#cbfc41&#8243; button_border_width=\u00bb0px\u00bb button_font=\u00bbUntitled Regular|600|||on||||\u00bb locked=\u00bboff\u00bb][\/et_pb_button][\/et_pb_column][\/et_pb_row][\/et_pb_section][et_pb_section fb_built=\u00bb1&#8243; _builder_version=\u00bb4.7.3&#8243; _module_preset=\u00bbdefault\u00bb background_enable_color=\u00bboff\u00bb][et_pb_row column_structure=\u00bb1_2,1_2&#8243; use_custom_gutter=\u00bbon\u00bb gutter_width=\u00bb2&#8243; make_equal=\u00bbon\u00bb _builder_version=\u00bb4.7.3&#8243; _module_preset=\u00bbdefault\u00bb width=\u00bb60%\u00bb max_width=\u00bb100%\u00bb module_alignment=\u00bbcenter\u00bb locked=\u00bboff\u00bb][et_pb_column type=\u00bb1_2&#8243; _builder_version=\u00bb4.7.3&#8243; _module_preset=\u00bbdefault\u00bb][et_pb_image src=\u00bbhttps:\/\/theplayerspadelagency.com\/prueba\/wp-content\/uploads\/2023\/06\/octavio-alvarez-img.png\u00bb title_text=\u00bboctavio-alvarez-img\u00bb align=\u00bbcenter\u00bb force_fullwidth=\u00bbon\u00bb _builder_version=\u00bb4.7.3&#8243; _module_preset=\u00bbdefault\u00bb][\/et_pb_image][\/et_pb_column][et_pb_column type=\u00bb1_2&#8243; _builder_version=\u00bb4.7.3&#8243; _module_preset=\u00bbdefault\u00bb][et_pb_text _builder_version=\u00bb4.7.3&#8243; _module_preset=\u00bbdefault\u00bb text_font=\u00bbUntitled Regular||||||||\u00bb text_font_size=\u00bb18px\u00bb text_line_height=\u00bb30px\u00bb]<\/p>\n<ul class=\"li-jugadores\">\n<li><strong>Lugar de Nacimiento:<\/strong><br \/>Pergamino, Buenos Aires, Argentina<\/li>\n<li><strong>Fecha de nacimiento:<br \/><\/strong>6 de Mayo del 2004<\/li>\n<li><strong>Edad:<\/strong><br \/>19 a\u00f1os<\/li>\n<li><strong>Altura:<\/strong><br \/>1,73 mts<\/li>\n<li><strong>Posici\u00f3n:<\/strong><br \/>Rev\u00e9s<\/li>\n<li><strong>IG:<\/strong><br \/>@octialvarez<\/li>\n<li><strong><strong>Sponsors:<\/strong><\/strong>\n<p><img decoding=\"async\" src=\"https:\/\/theplayerspadelagency.com\/prueba\/wp-content\/uploads\/2023\/06\/luco-sponsors.png\" \/><\/p>\n<\/li>\n<\/ul>\n<p>[\/et_pb_text][\/et_pb_column][\/et_pb_row][\/et_pb_section][et_pb_section fb_built=\u00bb1&#8243; _builder_version=\u00bb4.7.3&#8243; _module_preset=\u00bbdefault\u00bb background_enable_color=\u00bboff\u00bb use_background_color_gradient=\u00bbon\u00bb background_color_gradient_start=\u00bbrgba(203,252,65,0)\u00bb background_color_gradient_end=\u00bb#cbfc41&#8243; custom_margin=\u00bb-350px||||false|false\u00bb locked=\u00bboff\u00bb][et_pb_row _builder_version=\u00bb4.7.3&#8243; _module_preset=\u00bbdefault\u00bb custom_padding=\u00bb150px||||false|false\u00bb][et_pb_column type=\u00bb4_4&#8243; _builder_version=\u00bb4.7.3&#8243; _module_preset=\u00bbdefault\u00bb][\/et_pb_column][\/et_pb_row][\/et_pb_section][et_pb_section fb_built=\u00bb1&#8243; _builder_version=\u00bb4.7.3&#8243; _module_preset=\u00bbdefault\u00bb background_color=\u00bb#cbfc41&#8243; background_image=\u00bbhttps:\/\/theplayerspadelagency.com\/prueba\/wp-content\/uploads\/2023\/06\/back-footer-1.png\u00bb background_position=\u00bbtop_center\u00bb custom_margin=\u00bb||||false|false\u00bb custom_padding=\u00bb50px||||false|false\u00bb locked=\u00bboff\u00bb][et_pb_row column_structure=\u00bb1_3,1_3,1_3&#8243; use_custom_gutter=\u00bbon\u00bb gutter_width=\u00bb1&#8243; make_equal=\u00bbon\u00bb _builder_version=\u00bb4.7.3&#8243; _module_preset=\u00bbdefault\u00bb width=\u00bb90%\u00bb max_width=\u00bb100%\u00bb custom_padding=\u00bb100px||||false|false\u00bb][et_pb_column type=\u00bb1_3&#8243; _builder_version=\u00bb4.7.3&#8243; _module_preset=\u00bbdefault\u00bb background_enable_color=\u00bboff\u00bb background_image=\u00bbhttps:\/\/theplayerspadelagency.com\/prueba\/wp-content\/uploads\/2023\/06\/line.png\u00bb background_size=\u00bbcontain\u00bb background_repeat=\u00bbrepeat-x\u00bb custom_padding=\u00bb1px||||false|false\u00bb custom_css_main_element=\u00bbwidth:25%!important;\u00bb][\/et_pb_column][et_pb_column type=\u00bb1_3&#8243; _builder_version=\u00bb4.7.3&#8243; _module_preset=\u00bbdefault\u00bb custom_css_main_element=\u00bbwidth:50%!important;\u00bb][et_pb_blurb title=\u00bb\u00bfEst\u00e1s interesado?\u00bb content_max_width=\u00bb100%\u00bb _builder_version=\u00bb4.7.3&#8243; _module_preset=\u00bbdefault\u00bb header_font=\u00bbUntitled Medium||||||||\u00bb header_font_size=\u00bb75px\u00bb background_enable_image=\u00bboff\u00bb background_size=\u00bbinitial\u00bb text_orientation=\u00bbcenter\u00bb background_layout=\u00bbdark\u00bb][\/et_pb_blurb][\/et_pb_column][et_pb_column type=\u00bb1_3&#8243; _builder_version=\u00bb4.7.3&#8243; _module_preset=\u00bbdefault\u00bb background_enable_color=\u00bboff\u00bb background_image=\u00bbhttps:\/\/theplayerspadelagency.com\/prueba\/wp-content\/uploads\/2023\/06\/line.png\u00bb background_size=\u00bbcontain\u00bb background_repeat=\u00bbrepeat-x\u00bb custom_padding=\u00bb1px||||false|false\u00bb custom_css_main_element=\u00bbwidth:25%!important;\u00bb][\/et_pb_column][\/et_pb_row][et_pb_row column_structure=\u00bb1_2,1_2&#8243; use_custom_gutter=\u00bbon\u00bb gutter_width=\u00bb2&#8243; make_equal=\u00bbon\u00bb _builder_version=\u00bb4.7.3&#8243; _module_preset=\u00bbdefault\u00bb width=\u00bb90%\u00bb max_width=\u00bb100%\u00bb global_module=\u00bb105&#8243; saved_tabs=\u00bball\u00bb][et_pb_column type=\u00bb1_2&#8243; _builder_version=\u00bb4.7.3&#8243; _module_preset=\u00bbdefault\u00bb background_color=\u00bb#1a1a1a\u00bb border_radii=\u00bbon|30px|30px|30px|30px\u00bb][et_pb_contact_form captcha=\u00bboff\u00bb title=\u00bbDejanos tu consulta:\u00bb _builder_version=\u00bb4.7.3&#8243; _module_preset=\u00bbdefault\u00bb form_field_text_color=\u00bb#FFFFFF\u00bb title_font=\u00bbUntitled Medium||||||||\u00bb title_text_color=\u00bb#FFFFFF\u00bb form_field_font=\u00bbUntitled Regular||||||||\u00bb custom_button=\u00bbon\u00bb button_text_size=\u00bb16px\u00bb button_text_color=\u00bb#cbfc41&#8243; button_border_width=\u00bb0px\u00bb button_border_color=\u00bb#0C71C3&#8243; button_border_radius=\u00bb0px\u00bb button_font=\u00bbUntitled Medium||||on||||\u00bb button_custom_padding=\u00bb0px|0px|0px|0px|false|false\u00bb custom_padding=\u00bb30px|30px|30px|30px|true|true\u00bb custom_css_contact_title=\u00bbmargin-bottom:10px;\u00bb border_width_all=\u00bb1px\u00bb border_color_all=\u00bb#cbfc41&#8243;][et_pb_contact_field field_id=\u00bbNombre\u00bb field_title=\u00bbNombre\u00bb _builder_version=\u00bb4.7.3&#8243; form_field_background_color=\u00bbrgba(203,252,65,0.2)\u00bb background_enable_color=\u00bbon\u00bb button_text_size__hover_enabled=\u00bboff\u00bb button_one_text_size__hover_enabled=\u00bboff\u00bb button_two_text_size__hover_enabled=\u00bboff\u00bb button_text_color__hover_enabled=\u00bboff\u00bb button_one_text_color__hover_enabled=\u00bboff\u00bb button_two_text_color__hover_enabled=\u00bboff\u00bb button_border_width__hover_enabled=\u00bboff\u00bb button_one_border_width__hover_enabled=\u00bboff\u00bb button_two_border_width__hover_enabled=\u00bboff\u00bb button_border_color__hover_enabled=\u00bboff\u00bb button_one_border_color__hover_enabled=\u00bboff\u00bb button_two_border_color__hover_enabled=\u00bboff\u00bb button_border_radius__hover_enabled=\u00bboff\u00bb button_one_border_radius__hover_enabled=\u00bboff\u00bb button_two_border_radius__hover_enabled=\u00bboff\u00bb button_letter_spacing__hover_enabled=\u00bboff\u00bb button_one_letter_spacing__hover_enabled=\u00bboff\u00bb button_two_letter_spacing__hover_enabled=\u00bboff\u00bb button_bg_color__hover_enabled=\u00bboff\u00bb button_one_bg_color__hover_enabled=\u00bboff\u00bb button_two_bg_color__hover_enabled=\u00bboff\u00bb][\/et_pb_contact_field][et_pb_contact_field field_id=\u00bbApellido\u00bb field_title=\u00bbApellido\u00bb _builder_version=\u00bb4.7.3&#8243; form_field_background_color=\u00bbrgba(203,252,65,0.2)\u00bb background_enable_color=\u00bbon\u00bb button_text_size__hover_enabled=\u00bboff\u00bb button_one_text_size__hover_enabled=\u00bboff\u00bb button_two_text_size__hover_enabled=\u00bboff\u00bb button_text_color__hover_enabled=\u00bboff\u00bb button_one_text_color__hover_enabled=\u00bboff\u00bb button_two_text_color__hover_enabled=\u00bboff\u00bb button_border_width__hover_enabled=\u00bboff\u00bb button_one_border_width__hover_enabled=\u00bboff\u00bb button_two_border_width__hover_enabled=\u00bboff\u00bb button_border_color__hover_enabled=\u00bboff\u00bb button_one_border_color__hover_enabled=\u00bboff\u00bb button_two_border_color__hover_enabled=\u00bboff\u00bb button_border_radius__hover_enabled=\u00bboff\u00bb button_one_border_radius__hover_enabled=\u00bboff\u00bb button_two_border_radius__hover_enabled=\u00bboff\u00bb button_letter_spacing__hover_enabled=\u00bboff\u00bb button_one_letter_spacing__hover_enabled=\u00bboff\u00bb button_two_letter_spacing__hover_enabled=\u00bboff\u00bb button_bg_color__hover_enabled=\u00bboff\u00bb button_one_bg_color__hover_enabled=\u00bboff\u00bb button_two_bg_color__hover_enabled=\u00bboff\u00bb][\/et_pb_contact_field][et_pb_contact_field field_id=\u00bbTelefono\u00bb field_title=\u00bbTel\u00e9fono\u00bb _builder_version=\u00bb4.7.3&#8243; form_field_background_color=\u00bbrgba(203,252,65,0.2)\u00bb background_enable_color=\u00bbon\u00bb button_text_size__hover_enabled=\u00bboff\u00bb button_one_text_size__hover_enabled=\u00bboff\u00bb button_two_text_size__hover_enabled=\u00bboff\u00bb button_text_color__hover_enabled=\u00bboff\u00bb button_one_text_color__hover_enabled=\u00bboff\u00bb button_two_text_color__hover_enabled=\u00bboff\u00bb button_border_width__hover_enabled=\u00bboff\u00bb button_one_border_width__hover_enabled=\u00bboff\u00bb button_two_border_width__hover_enabled=\u00bboff\u00bb button_border_color__hover_enabled=\u00bboff\u00bb button_one_border_color__hover_enabled=\u00bboff\u00bb button_two_border_color__hover_enabled=\u00bboff\u00bb button_border_radius__hover_enabled=\u00bboff\u00bb button_one_border_radius__hover_enabled=\u00bboff\u00bb button_two_border_radius__hover_enabled=\u00bboff\u00bb button_letter_spacing__hover_enabled=\u00bboff\u00bb button_one_letter_spacing__hover_enabled=\u00bboff\u00bb button_two_letter_spacing__hover_enabled=\u00bboff\u00bb button_bg_color__hover_enabled=\u00bboff\u00bb button_one_bg_color__hover_enabled=\u00bboff\u00bb button_two_bg_color__hover_enabled=\u00bboff\u00bb][\/et_pb_contact_field][et_pb_contact_field field_id=\u00bbEmail\u00bb field_title=\u00bbEmail\u00bb field_type=\u00bbemail\u00bb _builder_version=\u00bb4.7.3&#8243; form_field_background_color=\u00bbrgba(203,252,65,0.2)\u00bb background_enable_color=\u00bbon\u00bb button_text_size__hover_enabled=\u00bboff\u00bb button_one_text_size__hover_enabled=\u00bboff\u00bb button_two_text_size__hover_enabled=\u00bboff\u00bb button_text_color__hover_enabled=\u00bboff\u00bb button_one_text_color__hover_enabled=\u00bboff\u00bb button_two_text_color__hover_enabled=\u00bboff\u00bb button_border_width__hover_enabled=\u00bboff\u00bb button_one_border_width__hover_enabled=\u00bboff\u00bb button_two_border_width__hover_enabled=\u00bboff\u00bb button_border_color__hover_enabled=\u00bboff\u00bb button_one_border_color__hover_enabled=\u00bboff\u00bb button_two_border_color__hover_enabled=\u00bboff\u00bb button_border_radius__hover_enabled=\u00bboff\u00bb button_one_border_radius__hover_enabled=\u00bboff\u00bb button_two_border_radius__hover_enabled=\u00bboff\u00bb button_letter_spacing__hover_enabled=\u00bboff\u00bb button_one_letter_spacing__hover_enabled=\u00bboff\u00bb button_two_letter_spacing__hover_enabled=\u00bboff\u00bb button_bg_color__hover_enabled=\u00bboff\u00bb button_one_bg_color__hover_enabled=\u00bboff\u00bb button_two_bg_color__hover_enabled=\u00bboff\u00bb][\/et_pb_contact_field][et_pb_contact_field field_id=\u00bbMessage\u00bb field_title=\u00bbMensaje\u00bb field_type=\u00bbtext\u00bb fullwidth_field=\u00bbon\u00bb _builder_version=\u00bb4.7.3&#8243; form_field_background_color=\u00bbrgba(203,252,65,0.2)\u00bb background_enable_color=\u00bbon\u00bb button_text_size__hover_enabled=\u00bboff\u00bb button_one_text_size__hover_enabled=\u00bboff\u00bb button_two_text_size__hover_enabled=\u00bboff\u00bb button_text_color__hover_enabled=\u00bboff\u00bb button_one_text_color__hover_enabled=\u00bboff\u00bb button_two_text_color__hover_enabled=\u00bboff\u00bb button_border_width__hover_enabled=\u00bboff\u00bb button_one_border_width__hover_enabled=\u00bboff\u00bb button_two_border_width__hover_enabled=\u00bboff\u00bb button_border_color__hover_enabled=\u00bboff\u00bb button_one_border_color__hover_enabled=\u00bboff\u00bb button_two_border_color__hover_enabled=\u00bboff\u00bb button_border_radius__hover_enabled=\u00bboff\u00bb button_one_border_radius__hover_enabled=\u00bboff\u00bb button_two_border_radius__hover_enabled=\u00bboff\u00bb button_letter_spacing__hover_enabled=\u00bboff\u00bb button_one_letter_spacing__hover_enabled=\u00bboff\u00bb button_two_letter_spacing__hover_enabled=\u00bboff\u00bb button_bg_color__hover_enabled=\u00bboff\u00bb button_one_bg_color__hover_enabled=\u00bboff\u00bb button_two_bg_color__hover_enabled=\u00bboff\u00bb][\/et_pb_contact_field][\/et_pb_contact_form][\/et_pb_column][et_pb_column type=\u00bb1_2&#8243; _builder_version=\u00bb4.7.3&#8243; _module_preset=\u00bbdefault\u00bb background_image=\u00bbhttps:\/\/theplayerspadelagency.com\/prueba\/wp-content\/uploads\/2023\/06\/img-form.jpg\u00bb border_radii=\u00bbon|30px|30px|30px|30px\u00bb][\/et_pb_column][\/et_pb_row][\/et_pb_section]<\/p>\n","protected":false},"excerpt":{"rendered":"<p>Octavio \u00c1lvarez Lugar de Nacimiento:Pergamino, Buenos Aires, Argentina Fecha de nacimiento:6 de Mayo del 2004 Edad:19 a\u00f1os Altura:1,73 mts Posici\u00f3n:Rev\u00e9s IG:@octialvarez Sponsors:<\/p>\n","protected":false},"author":3,"featured_media":0,"parent":0,"menu_order":0,"comment_status":"closed","ping_status":"closed","template":"","meta":{"_et_pb_use_builder":"on","_et_pb_old_content":"","_et_gb_content_width":"","_joinchat":[],"footnotes":""},"class_list":["post-218","page","type-page","status-publish","hentry"],"yoast_head":"<!-- This site is optimized with the Yoast SEO plugin v27.5 - https:\/\/yoast.com\/product\/yoast-seo-wordpress\/ -->\n<title>Octavio \u00c1lvarez - The Players Padel Agency<\/title>\n<meta name=\"robots\" content=\"index, follow, max-snippet:-1, max-image-preview:large, max-video-preview:-1\" \/>\n<link rel=\"canonical\" href=\"https:\/\/theplayerspadelagency.com\/prueba\/octavio-alvarez\/\" \/>\n<meta property=\"og:locale\" content=\"es_ES\" \/>\n<meta property=\"og:type\" content=\"article\" \/>\n<meta property=\"og:title\" content=\"Octavio \u00c1lvarez - The Players Padel Agency\" \/>\n<meta property=\"og:description\" content=\"Octavio \u00c1lvarez Lugar de Nacimiento:Pergamino, Buenos Aires, Argentina Fecha de nacimiento:6 de Mayo del 2004 Edad:19 a\u00f1os Altura:1,73 mts Posici\u00f3n:Rev\u00e9s IG:@octialvarez Sponsors:\" \/>\n<meta property=\"og:url\" content=\"https:\/\/theplayerspadelagency.com\/prueba\/octavio-alvarez\/\" \/>\n<meta property=\"og:site_name\" content=\"The Players Padel Agency\" \/>\n<meta property=\"article:modified_time\" content=\"2023-06-14T13:39:56+00:00\" \/>\n<meta property=\"og:image\" content=\"https:\/\/theplayerspadelagency.com\/prueba\/wp-content\/uploads\/2023\/06\/luco-sponsors.png\" \/>\n<meta name=\"twitter:card\" content=\"summary_large_image\" \/>\n<meta name=\"twitter:label1\" content=\"Tiempo de lectura\" \/>\n\t<meta name=\"twitter:data1\" content=\"8 minutos\" \/>\n<script type=\"application\/ld+json\" class=\"yoast-schema-graph\">{\"@context\":\"https:\\\/\\\/schema.org\",\"@graph\":[{\"@type\":\"WebPage\",\"@id\":\"https:\\\/\\\/theplayerspadelagency.com\\\/prueba\\\/octavio-alvarez\\\/\",\"url\":\"https:\\\/\\\/theplayerspadelagency.com\\\/prueba\\\/octavio-alvarez\\\/\",\"name\":\"Octavio \u00c1lvarez - The Players Padel Agency\",\"isPartOf\":{\"@id\":\"https:\\\/\\\/theplayerspadelagency.com\\\/prueba\\\/#website\"},\"primaryImageOfPage\":{\"@id\":\"https:\\\/\\\/theplayerspadelagency.com\\\/prueba\\\/octavio-alvarez\\\/#primaryimage\"},\"image\":{\"@id\":\"https:\\\/\\\/theplayerspadelagency.com\\\/prueba\\\/octavio-alvarez\\\/#primaryimage\"},\"thumbnailUrl\":\"https:\\\/\\\/theplayerspadelagency.com\\\/prueba\\\/wp-content\\\/uploads\\\/2023\\\/06\\\/luco-sponsors.png\",\"datePublished\":\"2023-06-14T13:38:43+00:00\",\"dateModified\":\"2023-06-14T13:39:56+00:00\",\"breadcrumb\":{\"@id\":\"https:\\\/\\\/theplayerspadelagency.com\\\/prueba\\\/octavio-alvarez\\\/#breadcrumb\"},\"inLanguage\":\"es\",\"potentialAction\":[{\"@type\":\"ReadAction\",\"target\":[\"https:\\\/\\\/theplayerspadelagency.com\\\/prueba\\\/octavio-alvarez\\\/\"]}]},{\"@type\":\"ImageObject\",\"inLanguage\":\"es\",\"@id\":\"https:\\\/\\\/theplayerspadelagency.com\\\/prueba\\\/octavio-alvarez\\\/#primaryimage\",\"url\":\"https:\\\/\\\/theplayerspadelagency.com\\\/prueba\\\/wp-content\\\/uploads\\\/2023\\\/06\\\/luco-sponsors.png\",\"contentUrl\":\"https:\\\/\\\/theplayerspadelagency.com\\\/prueba\\\/wp-content\\\/uploads\\\/2023\\\/06\\\/luco-sponsors.png\",\"width\":152,\"height\":75},{\"@type\":\"BreadcrumbList\",\"@id\":\"https:\\\/\\\/theplayerspadelagency.com\\\/prueba\\\/octavio-alvarez\\\/#breadcrumb\",\"itemListElement\":[{\"@type\":\"ListItem\",\"position\":1,\"name\":\"Portada\",\"item\":\"https:\\\/\\\/theplayerspadelagency.com\\\/prueba\\\/\"},{\"@type\":\"ListItem\",\"position\":2,\"name\":\"Octavio \u00c1lvarez\"}]},{\"@type\":\"WebSite\",\"@id\":\"https:\\\/\\\/theplayerspadelagency.com\\\/prueba\\\/#website\",\"url\":\"https:\\\/\\\/theplayerspadelagency.com\\\/prueba\\\/\",\"name\":\"The Players Padel Agency\",\"description\":\"Representantes de jugadores de padel profesional\",\"publisher\":{\"@id\":\"https:\\\/\\\/theplayerspadelagency.com\\\/prueba\\\/#organization\"},\"potentialAction\":[{\"@type\":\"SearchAction\",\"target\":{\"@type\":\"EntryPoint\",\"urlTemplate\":\"https:\\\/\\\/theplayerspadelagency.com\\\/prueba\\\/?s={search_term_string}\"},\"query-input\":{\"@type\":\"PropertyValueSpecification\",\"valueRequired\":true,\"valueName\":\"search_term_string\"}}],\"inLanguage\":\"es\"},{\"@type\":\"Organization\",\"@id\":\"https:\\\/\\\/theplayerspadelagency.com\\\/prueba\\\/#organization\",\"name\":\"The Players Padel Agency\",\"alternateName\":\"We Are Padel\",\"url\":\"https:\\\/\\\/theplayerspadelagency.com\\\/prueba\\\/\",\"logo\":{\"@type\":\"ImageObject\",\"inLanguage\":\"es\",\"@id\":\"https:\\\/\\\/theplayerspadelagency.com\\\/prueba\\\/#\\\/schema\\\/logo\\\/image\\\/\",\"url\":\"https:\\\/\\\/theplayerspadelagency.com\\\/prueba\\\/wp-content\\\/uploads\\\/2023\\\/06\\\/logo-negro.png\",\"contentUrl\":\"https:\\\/\\\/theplayerspadelagency.com\\\/prueba\\\/wp-content\\\/uploads\\\/2023\\\/06\\\/logo-negro.png\",\"width\":399,\"height\":90,\"caption\":\"The Players Padel Agency\"},\"image\":{\"@id\":\"https:\\\/\\\/theplayerspadelagency.com\\\/prueba\\\/#\\\/schema\\\/logo\\\/image\\\/\"},\"sameAs\":[\"https:\\\/\\\/www.instagram.com\\\/theplayerspadelagency\\\/\"]}]}<\/script>\n<!-- \/ Yoast SEO plugin. -->","yoast_head_json":{"title":"Octavio \u00c1lvarez - The Players Padel Agency","robots":{"index":"index","follow":"follow","max-snippet":"max-snippet:-1","max-image-preview":"max-image-preview:large","max-video-preview":"max-video-preview:-1"},"canonical":"https:\/\/theplayerspadelagency.com\/prueba\/octavio-alvarez\/","og_locale":"es_ES","og_type":"article","og_title":"Octavio \u00c1lvarez - The Players Padel Agency","og_description":"Octavio \u00c1lvarez Lugar de Nacimiento:Pergamino, Buenos Aires, Argentina Fecha de nacimiento:6 de Mayo del 2004 Edad:19 a\u00f1os Altura:1,73 mts Posici\u00f3n:Rev\u00e9s IG:@octialvarez Sponsors:","og_url":"https:\/\/theplayerspadelagency.com\/prueba\/octavio-alvarez\/","og_site_name":"The Players Padel Agency","article_modified_time":"2023-06-14T13:39:56+00:00","og_image":[{"url":"https:\/\/theplayerspadelagency.com\/prueba\/wp-content\/uploads\/2023\/06\/luco-sponsors.png","type":"","width":"","height":""}],"twitter_card":"summary_large_image","twitter_misc":{"Tiempo de lectura":"8 minutos"},"schema":{"@context":"https:\/\/schema.org","@graph":[{"@type":"WebPage","@id":"https:\/\/theplayerspadelagency.com\/prueba\/octavio-alvarez\/","url":"https:\/\/theplayerspadelagency.com\/prueba\/octavio-alvarez\/","name":"Octavio \u00c1lvarez - The Players Padel Agency","isPartOf":{"@id":"https:\/\/theplayerspadelagency.com\/prueba\/#website"},"primaryImageOfPage":{"@id":"https:\/\/theplayerspadelagency.com\/prueba\/octavio-alvarez\/#primaryimage"},"image":{"@id":"https:\/\/theplayerspadelagency.com\/prueba\/octavio-alvarez\/#primaryimage"},"thumbnailUrl":"https:\/\/theplayerspadelagency.com\/prueba\/wp-content\/uploads\/2023\/06\/luco-sponsors.png","datePublished":"2023-06-14T13:38:43+00:00","dateModified":"2023-06-14T13:39:56+00:00","breadcrumb":{"@id":"https:\/\/theplayerspadelagency.com\/prueba\/octavio-alvarez\/#breadcrumb"},"inLanguage":"es","potentialAction":[{"@type":"ReadAction","target":["https:\/\/theplayerspadelagency.com\/prueba\/octavio-alvarez\/"]}]},{"@type":"ImageObject","inLanguage":"es","@id":"https:\/\/theplayerspadelagency.com\/prueba\/octavio-alvarez\/#primaryimage","url":"https:\/\/theplayerspadelagency.com\/prueba\/wp-content\/uploads\/2023\/06\/luco-sponsors.png","contentUrl":"https:\/\/theplayerspadelagency.com\/prueba\/wp-content\/uploads\/2023\/06\/luco-sponsors.png","width":152,"height":75},{"@type":"BreadcrumbList","@id":"https:\/\/theplayerspadelagency.com\/prueba\/octavio-alvarez\/#breadcrumb","itemListElement":[{"@type":"ListItem","position":1,"name":"Portada","item":"https:\/\/theplayerspadelagency.com\/prueba\/"},{"@type":"ListItem","position":2,"name":"Octavio \u00c1lvarez"}]},{"@type":"WebSite","@id":"https:\/\/theplayerspadelagency.com\/prueba\/#website","url":"https:\/\/theplayerspadelagency.com\/prueba\/","name":"The Players Padel Agency","description":"Representantes de jugadores de padel profesional","publisher":{"@id":"https:\/\/theplayerspadelagency.com\/prueba\/#organization"},"potentialAction":[{"@type":"SearchAction","target":{"@type":"EntryPoint","urlTemplate":"https:\/\/theplayerspadelagency.com\/prueba\/?s={search_term_string}"},"query-input":{"@type":"PropertyValueSpecification","valueRequired":true,"valueName":"search_term_string"}}],"inLanguage":"es"},{"@type":"Organization","@id":"https:\/\/theplayerspadelagency.com\/prueba\/#organization","name":"The Players Padel Agency","alternateName":"We Are Padel","url":"https:\/\/theplayerspadelagency.com\/prueba\/","logo":{"@type":"ImageObject","inLanguage":"es","@id":"https:\/\/theplayerspadelagency.com\/prueba\/#\/schema\/logo\/image\/","url":"https:\/\/theplayerspadelagency.com\/prueba\/wp-content\/uploads\/2023\/06\/logo-negro.png","contentUrl":"https:\/\/theplayerspadelagency.com\/prueba\/wp-content\/uploads\/2023\/06\/logo-negro.png","width":399,"height":90,"caption":"The Players Padel Agency"},"image":{"@id":"https:\/\/theplayerspadelagency.com\/prueba\/#\/schema\/logo\/image\/"},"sameAs":["https:\/\/www.instagram.com\/theplayerspadelagency\/"]}]}},"_links":{"self":[{"href":"https:\/\/theplayerspadelagency.com\/prueba\/wp-json\/wp\/v2\/pages\/218","targetHints":{"allow":["GET"]}}],"collection":[{"href":"https:\/\/theplayerspadelagency.com\/prueba\/wp-json\/wp\/v2\/pages"}],"about":[{"href":"https:\/\/theplayerspadelagency.com\/prueba\/wp-json\/wp\/v2\/types\/page"}],"author":[{"embeddable":true,"href":"https:\/\/theplayerspadelagency.com\/prueba\/wp-json\/wp\/v2\/users\/3"}],"replies":[{"embeddable":true,"href":"https:\/\/theplayerspadelagency.com\/prueba\/wp-json\/wp\/v2\/comments?post=218"}],"version-history":[{"count":2,"href":"https:\/\/theplayerspadelagency.com\/prueba\/wp-json\/wp\/v2\/pages\/218\/revisions"}],"predecessor-version":[{"id":222,"href":"https:\/\/theplayerspadelagency.com\/prueba\/wp-json\/wp\/v2\/pages\/218\/revisions\/222"}],"wp:attachment":[{"href":"https:\/\/theplayerspadelagency.com\/prueba\/wp-json\/wp\/v2\/media?parent=218"}],"curies":[{"name":"wp","href":"https:\/\/api.w.org\/{rel}","templated":true}]}}